+ ((-500)/6)/(-2). Calculate the highest common divisor of b and h.
21
Let s = 116 + -82. Suppose 3*u - 2*f + 81 = 0, 2*f = -u - s - 1. Let g = 69 + u. What is the highest common divisor of 10 and g?
10
Suppose a - 3*q = -2*q - 3, 0 = 2*a - 3*q + 11. Suppose -7*r + a*r + 75 = 0. What is the highest common divisor of 30 and r?
15
Suppose 3*r = -2*r + 1200. What is the highest common factor of r and 15?
15
Let r(b) = -b**2 - 5*b + 14. Let j be r(-6). Let l be 14/1 - (-1 + -1). What is the highest common divisor of l and j?
8
Let y(p) = 6*p + 1. Let r(a) = -a + 5. Let j be r(6). Let z be y(j). Let d = z + 38. What is the highest common divisor of 22 and d?
11
Suppose 3*u - 12 = 0, 4*l - 4*u + 24 = 2*l. Let a(t) = -t**3 - 4. Let n be a(l). What is the greatest common factor of n and 12?
12
Let y(r) be the first derivative of r**2/2 - 2*r + 1. Let m be y(5). Let n be (-6)/4*(-4)/m. Calculate the highest common divisor of n and 14.
2
Suppose -q + 2*g = -36, 156 = 2*q + 2*q - 5*g. Let l(u) = u**2 - 12*u + 15. Let y be l(11). Calculate the greatest common divisor of q and y.
4
Suppose -2*p = 2*p - 8. Suppose p*m - 27 = 2*o + o, m + 3*o = 36. Calculate the highest common factor of m and 14.
7
Suppose h = -q - 2, 10 = h + 2*h - q. What is the greatest common factor of 16 and h?
2
Suppose t + 270 = 6*t. Calculate the greatest common factor of 81 and t.
27
Suppose 4*g - 3*g = 40. What is the highest common divisor of g and 320?
40
Let g(o) = -3*o - 12. Let u be g(-12). What is the highest common divisor of 36 and u?
12
Suppose r = 2*r + 3. Let h = 8 - r. Calculate the highest common divisor of h and 88.
11
Let l = 20 + -18. What is the greatest common factor of 8 and l?
2
Suppose 18*h - 20*h + 90 = 0. What is the greatest common factor of 30 and h?
15
Suppose 0 = 4*n + 3*n - 189. Let u = 2 + -1. Let q be (u*-3)/(4/(-4)). Calculate the greatest common divisor of q and n.
3
Let b(o) = o**2 + 5*o - 6. Let x be b(-8). Suppose m = -m - 2*s + x, -4*m + 2*s = -24. Let l = 83 - 20. Calculate the greatest common factor of l and m.
7
Let q = -60 - -32. Let c be (-6)/(-4)*q/(-6). What is the highest common factor of c and 21?
7
Let j be (297/132)/((-6)/(-8)). Suppose 7 = 5*a + 4*h, -2*h + 16 = 4*a - 4*h. What is the greatest common factor of j and a?
3
Let w be -3*(-3)/(9/26). What is the greatest common divisor of 65 and w?
13
Let n = -11 + 26. Let o(g) = -3*g**2 + 2*g + 3. Let z be o(-2). Let c be z/(-5) + 2/5. Calculate the highest common factor of c and n.
3
Let m be 454/6 - (-5)/15. Let d = -32 + m. Calculate the greatest common factor of 11 and d.
11
Suppose 0 = -3*s + s - 48. Let l be ((-1)/(-1))/((-2)/s). Let r(z) = 2*z**3 - 5*z**2 + 2*z + 3. Let m be r(3). What is the greatest common divisor of l and m?
6
Let q be (-66)/(-10) - 4/(-10). Let s(o) = -o**3 + 8*o**2 - 3*o + 4. Let n be s(q). Calculate the greatest common divisor of 160 and n.
32
Suppose 790 = 2*d - 74. Suppose -3*v = v - d. What is the greatest common factor of 12 and v?
12
Suppose 35 + 20 = 5*f + 4*d, 5*d = 0. What is the greatest common factor of 55 and f?
11
Suppose 288 = 27*i - 23*i. What is the highest common factor of 24 and i?
24
Let p(g) = -g - 5. Let r be p(-6). Let z be (-134)/(-2) - r/(-1). Suppose -4*u - u + 70 = -5*x, 2*u = -4*x + 46. Calculate the highest common factor of u and z.
17
Let i(x) = x**2 + 8*x - 11. Let d(l) = l**2 + 7*l - 10. Let p(w) = 7*d(w) - 6*i(w). Let q be p(-4). Calculate the highest common divisor of 12 and q.
4
Suppose 0 = -4*k - p + 34, -4*p - p + 18 = k. What is the highest common factor of 64 and k?
8
Let n(g) = -g**2 + 12*g + 4. Let j be n(11). What is the highest common divisor of 135 and j?
15
Suppose 5*h - 5*a - 16 = 34, -5*h = -4*a - 54. Suppose 36 = r + 3*u, 5*r = 5*u + 141 + 79. What is the highest common divisor of r and h?
14
Let u(w) = 2 + 2 - w + w**2 - 3. Let i be u(1). What is the highest common factor of 4 and i?
1
Let n = 3 - -25. What is the greatest common divisor of n and 28?
28
Suppose c + c = r - 42, r = -c + 42. Let q(o) = -o**3 + 7*o**2 + 11*o - 3. Let b be q(8). Calculate the highest common factor of b and r.
21
Let r be (-2)/9 + 1268/36. Let w = 32 - 18. Let y be 2*-1 + 2 + w. Calculate the greatest common factor of y and r.
7
Let x = -32 - -292. Suppose -t + x = 4*t. Suppose 0 = 4*w - t - 52. Calculate the greatest common divisor of w and 65.
13
Suppose 0 = 4*r - 2*a - 158, 5*r + a + 2*a - 181 = 0. What is the highest common divisor of 19 and r?
19
Suppose 105 - 23 = 2*s. Suppose -19 = z - 0*z. Let l = s + z. Calculate the greatest common divisor of l and 2.
2
Let p(v) = -v + 7. Let w be p(7). Let a be (w + 1)*-2 - -32. Suppose -2*z + a = -66. Calculate the highest common divisor of z and 6.
6
Let h = 13 - 5. Suppose -5*d + 10 = 0, f = 3*d + 2*d - h. Calculate the highest common factor of f and 1.
1
Suppose 2*v - 3*v - 10 = 0. Let z be ((-18)/v)/((-15)/(-125)). Calculate the greatest common divisor of 15 and z.
15
Suppose 12*s - 13*s + 13 = 0. Calculate the highest common divisor of s and 117.
13
Suppose -3*z = -2*n + 12, 2*n - 2*z - 12 = -7*z. Suppose n*d + 4 = 10*d. Calculate the greatest common factor of 8 and d.
1
Suppose -2*g - 55 = -5*i, -15 = 2*g + g. Calculate the greatest common divisor of 63 and i.
9
Suppose 5*a = -p + 8, 5*p - a - 3*a = 40. Calculate the greatest common factor of p and 16.
8
Let g be 3*(3 - (-7)/(-3)). Let a be (-4)/g + (0 - -8). Calculate the greatest common factor of 18 and a.
6
Let g(n) = -n + 9. Let l be g(5). Suppose -2*c = -8 + l. Let d be c/(-8) - (-10)/8. Calculate the greatest common divisor of d and 10.
1
Let o = 13 - 5. Let p be -4*1/2*-3. Let w = o + p. What is the highest common factor of 14 and w?
14
Suppose -a + 4 = -0*a, -158 = -5*b - 2*a. Calculate the highest common factor of b and 10.
10
Let b(g) = 19*g**2 + g. Let k be b(1). Suppose 9 = 3*y - 0*y. Let l be 1/(y - (-58)/(-20)). What is the highest common factor of k and l?
10
Suppose 9*j + 5 - 32 = 0. What is the greatest common factor of j and 2?
1
Let y be (-2)/(-4)*3*120/18. Suppose 3*l = 4*u - 363, -5*l - 18 = -u + 77. Calculate the highest common factor of y and u.
10
Let j(d) = d**3 + 8*d**2 + 5*d - 8. Let w be j(-7). Suppose 0 = -3*a - 4*f + 130, -f = -2*a - 5*f + 88. What is the greatest common factor of a and w?
6
Let j be ((-18)/(-8))/(2/40). Let m = -49 - -70. Let i = m + -6. Calculate the greatest common factor of j and i.
15
Let u(m) = m + 3. Let v be u(-3). Suppose 4*c - 6*c + 10 = v. Let f = 16 + 14. What is the highest common factor of f and c?
5
Let r be (36/30)/(2*(-6)/(-280)). Let q be (-1 - (-65)/2)*8. Calculate the highest common factor of q and r.
28
Suppose l + 14*l - 150 = 0. Calculate the highest common factor of l and 80.
10
Let a = 56 + -37. Calculate the highest common divisor of 133 and a.
19
Let c(i) = 2*i**3 + i**2 + i - 1. Let m be c(1). What is the highest common divisor of 1 and m?
1
Suppose 2*d + 6 = -0*d. Let z = d - -7. Suppose 0 = -g + 6*g + z*u - 48, 4*g - 39 = -3*u. Calculate the greatest common divisor of 60 and g.
12
Let u = -3 - -3. Suppose 5*k - 2*b + 290 = u, -b = 4*k + b + 250. Let g be (-1)/((14/k)/7). Calculate the greatest common divisor of 10 and g.
10
Let h be 2/(-7) + 6/21. Suppose h*v + 4*v = 240. What is the greatest common divisor of 12 and v?
12
Suppose -q = -4*q + 72. What is the highest common factor of 3 and q?
3
Suppose 3*n = -2*n + 10. Let g = 72 + -17. Let w = 77 - g. What is the highest common divisor of n and w?
2
Let n = 0 - 2. Let u be n/(-3)*(40 - 1). Suppose 28 + u = 3*i. Calculate the greatest common factor of 27 and i.
9
Let o(c) = -c**3 + 10*c**2 - 15*c + 3. Let j be o(8). Calculate the highest common factor of j and 11.
11
Suppose 22 = 7*l - 6*l. What is the highest common factor of 44 and l?
22
Suppose 50 + 10 = 6*q. What is the highest common divisor of 5 and q?
5
Let y = 462 - 270. Let s = 117 - 93. Calculate the greatest common divisor of s and y.
24
Let h = 113 - 98. What is the highest common divisor of h and 255?
15
Suppose 4*u - 33 = -5*y, 0 = -4*u - 3*y + 2*y + 29. Let c = 2 + -1. Suppose c = -q + 2. What is the greatest common factor of q and u?
1
Let m(z) = -z - 4. Let t be m(-6). Let v be -2 - 4*-2*t. Suppose 5*a - 2*l - 202 = 0, -3*a - 5*l - 30 = 